{"id":11,"date":"2022-11-05T09:13:47","date_gmt":"2022-11-05T08:13:47","guid":{"rendered":"https:\/\/horntornet.evdy.se\/?page_id=11"},"modified":"2022-11-07T16:35:23","modified_gmt":"2022-11-07T15:35:23","slug":"kontakt","status":"publish","type":"page","link":"https:\/\/horntornet.evdy.se\/index.php\/kontakt\/","title":{"rendered":"Kontakt"},"content":{"rendered":"\n<h1>\n\t\tKontakta oss\n\t<\/h1>\n\t<p>Du \u00e4r v\u00e4lkommen att kontakta oss f\u00f6r ytterligare information om v\u00e5ra lokaler och l\u00e4genheter.<\/p>\n<p>Jourtelefon, v\u00e4xel: <a href=\"tel:049020033\">0490-200 33<\/a><\/p>\n<p>Felanm\u00e4lan: <a href=\"mailto:felanmalan@horntornet.se\">felanmalan@horntornet.se<\/a><\/p>\n<p>Intresseanm\u00e4lan: <a href=\"mailto:kontakt@horntornet.se\">kontakt@horntornet.se<\/a><\/p>\n<p>Fakturor: <a href=\"mailto:fakturor@horntornet.se\">fakturor@horntornet.se<\/a><\/p>\n\t<h3>Driftansvarig, underh\u00e5ll\/sk\u00f6tsel<\/h3>\n<strong>Fred Rovira<br \/>\n<\/strong><a href=\"mailto:fr@horntornet.se\">fr@horntornet.se<\/a><br \/>\nTelefon: 070 &#8211; 232 09 60<br \/>\nM\u00e5n-fre: 08.00 &#8211; 15.00\n<h3>Hyresfr\u00e5gor, ekonomi och administration<\/h3>\n<strong>Marcus Call<\/strong><br \/>\n<a href=\"mailto:mc@horntornet.se\">mc@horntornet.se<\/a><br \/>\nV\u00e4xel: 0490 &#8211; 200 33<br \/>\nM\u00e5n-tor: 11.00 &#8211; 15.00\n<h3>Postadress<\/h3>\nH\u00f6rntornet Fastighets AB<br \/>\nLunds By Gladhammar<br \/>\n593 96 V\u00e4stervik\n\n","protected":false},"excerpt":{"rendered":"<p>Kontakta oss Du \u00e4r v\u00e4lkommen att kontakta oss f\u00f6r ytterligare information om v\u00e5ra lokaler och l\u00e4genheter. Jourtelefon, v\u00e4xel: 0490-200 33 Felanm\u00e4lan: felanmalan@horntornet.se Intresseanm\u00e4lan: kontakt@horntornet.se Fakturor: fakturor@horntornet.se Driftansvarig, underh\u00e5ll\/sk\u00f6tsel Fred Rovira fr@horntornet.se Telefon: 070 &#8211; 232 09 60 M\u00e5n-fre: 08.00 &#8211; 15.00 Hyresfr\u00e5gor, ekonomi och administration Marcus Call mc@horntornet.se V\u00e4xel: 0490 &#8211; 200 33 M\u00e5n-tor: 11.00 [&hellip;]<\/p>\n","protected":false},"author":1,"featured_media":0,"parent":0,"menu_order":0,"comment_status":"closed","ping_status":"closed","template":"page-templates\/template-pagebuilder.php","meta":{"_genesis_hide_title":false,"_genesis_hide_breadcrumbs":false,"_genesis_hide_singular_image":false,"_genesis_hide_footer_widgets":false,"_genesis_custom_body_class":"","_genesis_custom_post_class":"","_genesis_layout":"","footnotes":""},"class_list":{"0":"post-11","1":"page","2":"type-page","3":"status-publish","5":"entry"},"_links":{"self":[{"href":"https:\/\/horntornet.evdy.se\/index.php\/wp-json\/wp\/v2\/pages\/11","targetHints":{"allow":["GET"]}}],"collection":[{"href":"https:\/\/horntornet.evdy.se\/index.php\/wp-json\/wp\/v2\/pages"}],"about":[{"href":"https:\/\/horntornet.evdy.se\/index.php\/wp-json\/wp\/v2\/types\/page"}],"author":[{"embeddable":true,"href":"https:\/\/horntornet.evdy.se\/index.php\/wp-json\/wp\/v2\/users\/1"}],"replies":[{"embeddable":true,"href":"https:\/\/horntornet.evdy.se\/index.php\/wp-json\/wp\/v2\/comments?post=11"}],"version-history":[{"count":5,"href":"https:\/\/horntornet.evdy.se\/index.php\/wp-json\/wp\/v2\/pages\/11\/revisions"}],"predecessor-version":[{"id":92,"href":"https:\/\/horntornet.evdy.se\/index.php\/wp-json\/wp\/v2\/pages\/11\/revisions\/92"}],"wp:attachment":[{"href":"https:\/\/horntornet.evdy.se\/index.php\/wp-json\/wp\/v2\/media?parent=11"}],"curies":[{"name":"wp","href":"https:\/\/api.w.org\/{rel}","templated":true}]}}