{"id":9,"date":"2022-11-05T09:13:37","date_gmt":"2022-11-05T08:13:37","guid":{"rendered":"https:\/\/horntornet.evdy.se\/?page_id=9"},"modified":"2022-11-21T11:10:17","modified_gmt":"2022-11-21T10:10:17","slug":"vara-fastigheter","status":"publish","type":"page","link":"https:\/\/horntornet.evdy.se\/index.php\/vara-fastigheter\/","title":{"rendered":"V\u00e5ra fastigheter"},"content":{"rendered":"\n<h1>\n\t\tV\u00e5ra fastigheter\n\t<\/h1>\n\t\t\t\t<img loading=\"lazy\" decoding=\"async\" src=\"https:\/\/horntornet.evdy.se\/wp-content\/uploads\/2022\/11\/bergsgatan-4-1024x683.webp\" alt=\"bergsgatan-4\" itemprop=\"image\" height=\"683\" width=\"1024\" title=\"bergsgatan-4\" onerror=\"this.style.display='none'\"  \/>\n\t<h3>Bergsgatan 1<\/h3>\n<p>Templet 1, V\u00e4stervik<\/p>\n\t\t\t<a href=\"https:\/\/horntornet.evdy.se\/index.php\/vara-fastigheter\/bergsgatan\/\" target=\"_self\" role=\"button\" rel=\"noopener\">\n\t\t\t\t\t\t\tL\u00e4s mer\n\t\t\t\t\t<\/a>\n\t\t\t\t<img loading=\"lazy\" decoding=\"async\" src=\"https:\/\/horntornet.evdy.se\/wp-content\/uploads\/2022\/11\/radhusgatan-14-1024x683.webp\" alt=\"radhusgatan-14\" itemprop=\"image\" height=\"683\" width=\"1024\" title=\"radhusgatan-14\" onerror=\"this.style.display='none'\"  \/>\n\t<h3>R\u00e5dhusgatan 3<\/h3>\n<p>Snipan 1, V\u00e4stervik<\/p>\n\t\t\t<a href=\"https:\/\/horntornet.evdy.se\/index.php\/vara-fastigheter\/radhusgatan\/\" target=\"_self\" role=\"button\" rel=\"noopener\">\n\t\t\t\t\t\t\tL\u00e4s mer\n\t\t\t\t\t<\/a>\n\t\t\t\t<img loading=\"lazy\" decoding=\"async\" src=\"https:\/\/horntornet.evdy.se\/wp-content\/uploads\/2022\/11\/radhustorget-3-1024x683.webp\" alt=\"radhustorget-3\" itemprop=\"image\" height=\"683\" width=\"1024\" title=\"radhustorget-3\" onerror=\"this.style.display='none'\"  \/>\n\t<h3>R\u00e5dhustorget<\/h3>\n<p>Borgaren 4, V\u00e4stervik<\/p>\n\t\t\t<a href=\"https:\/\/horntornet.evdy.se\/index.php\/vara-fastigheter\/radhustorget\/\" target=\"_self\" role=\"button\" rel=\"noopener\">\n\t\t\t\t\t\t\tL\u00e4s mer\n\t\t\t\t\t<\/a>\n\n","protected":false},"excerpt":{"rendered":"<p>V\u00e5ra fastigheter Bergsgatan 1 Templet 1, V\u00e4stervik L\u00e4s mer R\u00e5dhusgatan 3 Snipan 1, V\u00e4stervik L\u00e4s mer R\u00e5dhustorget Borgaren 4, V\u00e4stervik L\u00e4s mer<\/p>\n","protected":false},"author":1,"featured_media":0,"parent":0,"menu_order":0,"comment_status":"closed","ping_status":"closed","template":"page-templates\/template-pagebuilder.php","meta":{"_genesis_hide_title":false,"_genesis_hide_breadcrumbs":false,"_genesis_hide_singular_image":false,"_genesis_hide_footer_widgets":false,"_genesis_custom_body_class":"","_genesis_custom_post_class":"","_genesis_layout":"","footnotes":""},"class_list":{"0":"post-9","1":"page","2":"type-page","3":"status-publish","5":"entry"},"_links":{"self":[{"href":"https:\/\/horntornet.evdy.se\/index.php\/wp-json\/wp\/v2\/pages\/9","targetHints":{"allow":["GET"]}}],"collection":[{"href":"https:\/\/horntornet.evdy.se\/index.php\/wp-json\/wp\/v2\/pages"}],"about":[{"href":"https:\/\/horntornet.evdy.se\/index.php\/wp-json\/wp\/v2\/types\/page"}],"author":[{"embeddable":true,"href":"https:\/\/horntornet.evdy.se\/index.php\/wp-json\/wp\/v2\/users\/1"}],"replies":[{"embeddable":true,"href":"https:\/\/horntornet.evdy.se\/index.php\/wp-json\/wp\/v2\/comments?post=9"}],"version-history":[{"count":2,"href":"https:\/\/horntornet.evdy.se\/index.php\/wp-json\/wp\/v2\/pages\/9\/revisions"}],"predecessor-version":[{"id":84,"href":"https:\/\/horntornet.evdy.se\/index.php\/wp-json\/wp\/v2\/pages\/9\/revisions\/84"}],"wp:attachment":[{"href":"https:\/\/horntornet.evdy.se\/index.php\/wp-json\/wp\/v2\/media?parent=9"}],"curies":[{"name":"wp","href":"https:\/\/api.w.org\/{rel}","templated":true}]}}